-m**2 - 10*m - 24. Suppose -g - 39 = 5*i, g = i - g - 1. Let q be j(i). Determine s(q).
-6
Let c(u) = -u + 1. Let o be c(-10). Suppose -o = -a - 9. Let w(n) = -7*n**a + 2 + 3*n**3 + n**3 - 3*n**3 + 2*n - 12. What is w(7)?
4
Let k(r) = r - 5. Let a be k(5). Let d(f) = a - 2*f - f - 1. Give d(-1).
2
Let t(s) = s - 3*s**2 - 4*s**2 + 3*s**2. Let f be -2*(-6)/12*1. What is t(f)?
-3
Let v be 1*(3 - 1) + 10/10. Let s(b) = -b. Let c(w) = 4*w - 9. Let n(y) = v*s(y) + c(y). Calculate n(4).
-5
Let u(m) = 2*m**2 - 4*m + 3. Let z(h) = 2*h**2 + 12*h - 11. Let p be z(-8). Let i = p - 19. Determine u(i).
3
Let q(x) be the second derivative of x**4/12 + 5*x**3/6 + x**2/2 - x. Suppose -5*g - 10 = 3*v - v, -3*g + 25 = -5*v. Calculate q(v).
1
Let r(h) be the first derivative of h**2/2 + 17*h + 242. What is r(-9)?
8
Let z(d) be the second derivative of d**5/20 + d**4/3 - 4*d**3/3 + 3*d**2/2 - d. Suppose 227 + 445 = -112*j. What is z(j)?
-21
Let i be 2*(3 + 63/(-14)). Let z(o) = o**3 + 5*o**2 - 10. Give z(i).
8
Let f(k) = -2*k + 11. Let o = -18 - -22. Suppose -m = o*m - 40. Let y be f(m). Let z(n) = -n**3 - 6*n**2 - 8*n - 5. Determine z(y).
10
Let t(y) be the third derivative of y**5/60 - y**4/8 - y**3/6 - 5*y**2 - y. What is t(4)?
3
Let b(k) be the third derivative of k**9/30240 - k**8/5040 + k**7/1260 - k**6/240 - k**5/4 - 26*k**2. Let g(p) be the third derivative of b(p). Give g(2).
5
Let f(k) = k - 5. Let a be f(7). Let i be a/(-1 + 9/6). Let v(j) = -2 + 5 - 1 - 2*j. What is v(i)?
-6
Let j = -7 + 12. Let u(d) = -5*d + 7*d + 4*d - 1 - 5. What is u(j)?
24
Let o(y) = -y**2 - 2. Let k(w) = -18*w**2 + w + 12. Let r(i) = -k(i) - 6*o(i). What is r(-1)?
25
Let y(o) = 2*o**2 + 3*o + 9. Let a(c) = -3*c**2 - 4. Let j(l) = 2*a(l) + y(l). Calculate j(-3).
-44
Let j(f) = -2*f**3 - 2*f**2 + f. Let r be j(-2). Let u(k) be the third derivative of k**6/120 - k**5/12 - 7*k**4/24 + 2*k**3/3 - 142*k**2 + 2*k. Give u(r).
-2
Let t(f) = 2*f + 44 + 0 + 10*f - f. Let y(i) = -4*i - 15. Let b(u) = -6*t(u) - 17*y(u). Determine b(6).
3
Let r = 55 - 53. Let z(j) = 171*j + 5 + 5 - 176*j - 4 + j**r. Determine z(4).
2
Let l(w) = 31. Let d(p) = p + 5. Let x(r) = d(r) - l(r). Determine x(14).
-12
Suppose 3*g + 42 = 66. Let h(r) be the first derivative of -1/3*r**3 - 9 - g*r + 1/2*r**2. Determine h(0).
-8
Suppose -2*p - 3*p = q + 26, -4*p - 5*q = 25. Let k(x) be the second derivative of -x**4/12 - x**3/3 + 7*x**2/2 + 3*x - 57. Give k(p).
-8
Let s(n) = 2*n + 1. Let o be 306/561 + (-28)/11. What is s(o)?
-3
Let a(q) = -q - 1. Suppose -2*r = j + 3, -4*r + 9*r = -20. Suppose 4*x = -2*m - 14, -5*x - 10*m = -j*m + 10. Calculate a(x).
4
Suppose -9 - 3 = -4*z. Let i(t) = -6*t**2 + 3*t - t**z + 103 - 5*t + 7*t - 95. What is i(-6)?
-22
Let p(l) be the third derivative of l**5/30 + 7*l**4/12 + l**3/6 + 23*l**2 + 2*l. Give p(-7).
1
Let y(x) = x**2 + 4*x - 20. Suppose a + 2 = -1, 0 = 4*z + 5*a + 39. Let p be y(z). Let t(n) = -n**3 - 8*n**2 + 5. What is t(p)?
5
Let b(y) = y**3 - y**2 - y - 1. Let d(t) be the third derivative of 7*t**6/120 - t**5/5 - t**4/8 - 5*t**3/3 + 9*t**2. Let k(i) = -6*b(i) + d(i). Give k(5).
-14
Let n(g) = -g + 0*g**2 + 2*g - 65 + 66 + 2*g**2. Let j(q) = -q**3 - 14*q**2 - 12*q + 10. Let b be j(-13). Determine n(b).
16
Let o(s) = -s**3 - 4*s**2 + 4*s + 1. Suppose -5*l = -4*x, 0 = x + 4*x + 4*l + 41. Calculate o(x).
6
Let c = 42 + -71. Let a = c - -23. Let f(u) = -2*u - 1. What is f(a)?
11
Let d be (-676)/(-32) - (-14)/(-112). Let b be (-4)/6 - (-172)/6. Let x be b/d*6/(-4). Let v(a) = -a**2 - 2*a - 2. What is v(x)?
-2
Let x(p) = 9*p - 17*p**2 - 12*p + 1 - 14*p**2 + 30*p**2. Let u be (3/(-2))/((-3)/(-6)). Calculate x(u).
1
Let i(a) = 14*a + 0*a**2 - 24663 - 2*a**3 + a**3 + 24651 - 13*a**2. Calculate i(-14).
-12
Let h be 1/(7/119) - 1*4. Let l(q) = 2*q - 28. Determine l(h).
-2
Let p be (2/8)/((-2)/(-24)). Let i be 0*(-2 + p + 0). Let m be (i + 0)/((-12)/6). Let x(s) = -s - 12. What is x(m)?
-12
Let f(l) = -7*l**3 + l**2 - 9*l - 4. Let n(s) = -16*s**3 - s**2 - 18*s - 9. Let k(p) = 7*f(p) - 3*n(p). What is k(9)?
-1
Let t(x) = x**3 - 6*x**2 + x + 22. Let v be t(5). Let n(u) = -3 - 19*u**v + 4*u - 14*u**2 + 34*u**2 - 2*u. Determine n(3).
12
Let m(f) = 4*f + 2. Let x be m(-1). Let u be x/(-2 - 12/(-5)). Let j(r) = r**3 + 6*r**2 + 6*r. Give j(u).
-5
Suppose l + 12 = 4*l. Let m be 48/l*1/2. Let a(p) be the third derivative of -p**4/24 + 45*p**2. Calculate a(m).
-6
Let p(j) = j**3 - 18*j**2 - 21*j + 38. Let b be 6/(-4)*(-2470)/195. Give p(b).
0
Let t(i) = -34*i - i**3 - 1 + 5*i**2 + 2*i**3 + 30*i + 11. What is t(-6)?
-2
Let i(y) be the third derivative of y**6/120 - y**5/30 - y**4/12 + y**3/6 + y**2 - 28*y. Calculate i(2).
-3
Let u(j) = 12*j**2 - 2*j**2 - 4 + 0 - 9*j**2 - 3*j**2 + 3*j. What is u(2)?
-6
Let b(s) = s**2 + 17*s - 56. Let c be b(-20). Let f(v) = -v**2 + 2*v + 11. Determine f(c).
3
Let z(t) = 4*t - 9 + 42 - 28. Determine z(-5).
-15
Let f(a) = -52*a - 1. Let p(m) = -47*m - 1. Let j(d) = -4*f(d) + 5*p(d). Determine j(1).
-28
Let h(w) = -w - 2. Let f be h(-6). Let l(j) = -j - 2. Let g be l(-7). Let r(c) = -4*c + 2 + 3 - g*c**2 + 1 + 6*c**2. Calculate r(f).
6
Let k(d) = 9 - 3*d - 2*d - 8 - 6*d. Give k(1).
-10
Let r(f) be the first derivative of 1/24*f**4 + 10 + 0*f - 1/6*f**3 - 7/2*f**2. Let o(k) be the second derivative of r(k). Calculate o(-1).
-2
Let m(f) = 0*f - 3*f + 6*f - 2*f. Let l(i) = 5*i - 3. Let t(x) = l(x) - 4*m(x). Suppose 6*h + 6 = 4*h. Give t(h).
-6
Let i(t) = -t - 1. Let v(c) = -5 - 3 + 4 + c**2 - 8 - 7*c. Let z(b) = -4*i(b) + v(b). Let n(q) be the first derivative of z(q). Determine n(4).
5
Let s(d) = -2*d**2 - 3*d + 2. Let f(i) = i**2 - 11*i + 13. Let x be f(10). Let t be ((-16)/(-28))/(x/21). Suppose t*a - 4 = 0, 0*z - 4*a = z. What is s(z)?
-18
Let w(g) = -g**2 - 3*g - 2. Let j be w(-4). Let s(u) = -2*u - 4. Let o(n) = 7*n - 67 + 3*n + 87. Let c(y) = 3*o(y) + 14*s(y). Determine c(j).
-8
Let f = -118 - -114. Let y(u) = -u**3 - 2*u**2 + 2*u + 5. Calculate y(f).
29
Let x(o) be the first derivative of -5*o**2/2 + 3*o - 123. Determine x(-4).
23
Let m(z) = z**2 - 16*z + 17. Let b be ((-9)/(243/(-36)))/((-8)/(-78)). Give m(b).
-22
Suppose -4 = -3*p + 2*s - 0, 2*p + 5*s - 9 = 0. Suppose -3*m - p = 7, 3*x + 2*m = 0. Let l(u) be the first derivative of -3*u**2/2 + 2*u - 3. What is l(x)?
-4
Let g(s) = -s**2 - 9*s - 3. Let y(f) = -3*f**2 - 26*f + 36. Let x be y(-10). Determine g(x).
17
Let x(f) = 2*f + 3. Let b be 3/3 - (-4 - -8). What is x(b)?
-3
Let m(r) = -2*r**3 + 16*r**2 - 14*r + 3. Let y(j) = 6*j**3 - 48*j**2 + 42*j - 8. Let p(t) = -8*m(t) - 3*y(t). What is p(7)?
0
Let g(h) = -27*h + 14. Let s(i) = -64*i + 27. Let r(m) = -7*g(m) + 3*s(m). What is r(-7)?
4
Let x = -58 - -63. Let u(n) = 0 - x + 6*n - 2*n - 8*n. What is u(-5)?
15
Let f(b) be the first derivative of -b**3/3 - 2*b**2 - 4*b - 5. Let p(a) = 5*a + 5. Let m(t) = -5*f(t) - 4*p(t). Calculate m(1).
5
Let j(u) = 6 - u - 4*u + 2*u + u**2. Suppose -10*g + 8 = -9*g + 4*h, -4*g + 5*h = -11. What is j(g)?
10
Suppose -5*i + 12 = -c + 3*c, -c = 3*i - 7. Let d(g) = -10*g**3 - 3*g**3 - 5*g**3 + g. Determine d(c).
-17
Let s(l) = -3*l - 9. Suppose 17*d + 532 - 447 = 0. Determine s(d).
6
Let a(c) = 2*c + 4. Let p = 1 + -1. Let u(d) = -2*d + 6. Let z be u(p). Suppose -i - 17 = 4*r - 4*i, -r - i = z. What is a(r)?
-6
Let r(v) = -10*v + 3. Let y(a) = -13*a + 2. Let o(h) = -5*r(h) + 4*y(h). Give o(-7).
7
Let c(m) = -m**2 - 4*m + 7. Let g be c(-4). Let r be (6/9)/(g/(-3) - -2). Let z(w) = -2*w**2 - 4*w - 2. Give z(r).
-2
Let g(w) = -31687 - 11*w + 31679 + 0*w. What is g(3)?
-41
Let h(z) be the second derivative of z**3/6 + 15*z**2/2 - 2*z + 7. Determine h(0).
15
Let v(q) = -7*q + 17. Let z(t) = -4*t + 9. Let w = -27 + 38. Let c(a) = w*z(a) - 6*v(a). Give c(-5).
7
Let l be ((-15)/5)/(-4*(-6)/16). Let v(f) be the second derivative of f**5/30 + f**4/8 + f**2/2 + f. Let k(p) be the first derivative of v(p). Determine k(l).
2
Let q(y) = 2*y**3 + 7*y**2 - 4*y - 5. Suppose 3*s - 3*c = -21, 4*s + 16*c + 31 = 21*c. Calculate q(s).
-5
Let s(n) be the second derivative of -n**4/12 + 2*n**3 + 9*n**2 - 15*n + 1. Calculate s(13).
5
Let l = -7 + 12. Let c = 21 - 14. Let o(d) = l - 19 - 3*d - 3*d + c*d. Determine o(7).
-7
Suppose 0 = -5*j + 3*l + 106,